CRAN Package Check Results for Package Anthropometry

Last updated on 2020-07-06 21:50:09 CEST.

Flavor Version Tinstall Tcheck Ttotal Status Flags
r-devel-linux-x86_64-debian-clang 1.14 16.99 124.01 141.00 OK
r-devel-linux-x86_64-debian-gcc 1.14 13.70 94.12 107.82 OK
r-devel-linux-x86_64-fedora-clang 1.14 179.27 OK
r-devel-linux-x86_64-fedora-gcc 1.14 163.76 OK
r-devel-windows-ix86+x86_64 1.14 48.00 267.00 315.00 OK
r-patched-linux-x86_64 1.14 10.40 121.28 131.68 OK
r-patched-solaris-x86 1.14 215.10 OK
r-release-linux-x86_64 1.14 15.31 122.59 137.90 OK
r-release-osx-x86_64 1.14 OK
r-release-windows-ix86+x86_64 1.14 29.00 185.00 214.00 OK
r-oldrel-osx-x86_64 1.14 WARN
r-oldrel-windows-ix86+x86_64 1.14 37.00 269.00 306.00 OK

Check Details

Version: 1.14
Check: whether package can be installed
Result: WARN
    Found the following significant warnings:
     Warning: 'rgl.init' failed, running with 'rgl.useNULL = TRUE'.
Flavor: r-oldrel-osx-x86_64