CRAN Package Check Results for Package Andromeda

Last updated on 2021-04-15 09:49:51 CEST.

Flavor Version Tinstall Tcheck Ttotal Status Flags
r-devel-linux-x86_64-debian-clang 0.4.0 6.07 75.75 81.82 OK
r-devel-linux-x86_64-debian-gcc 0.4.0 6.13 58.23 64.36 OK
r-devel-linux-x86_64-fedora-clang 0.4.0 114.17 OK
r-devel-linux-x86_64-fedora-gcc 0.4.0 103.05 OK
r-devel-windows-ix86+x86_64 0.4.0 19.00 104.00 123.00 OK
r-devel-windows-x86_64-gcc10-UCRT 0.4.0 OK
r-patched-linux-x86_64 0.4.0 6.09 73.35 79.44 OK
r-patched-solaris-x86 0.4.0 130.10 OK
r-release-linux-x86_64 0.4.0 7.45 74.03 81.48 OK
r-release-macos-x86_64 0.4.0 OK
r-release-windows-ix86+x86_64 0.4.0 26.00 119.00 145.00 OK
r-oldrel-macos-x86_64 0.4.0 ERROR
r-oldrel-windows-ix86+x86_64 0.4.0 10.00 87.00 97.00 OK

Check Details

Version: 0.4.0
Check: tests
Result: ERROR
     Running ‘testthat.R’ [5s/6s]
    Running the tests in ‘tests/testthat.R’ failed.
    Last 13 lines of output:
     30: tryCatch(withCallingHandlers({ eval(code, test_env) if (!handled && !is.null(test)) { skip_empty() }}, expectation = handle_expectation, skip = handle_skip, warning = handle_warning, message = handle_message, error = handle_error), error = handle_fatal, skip = function(e) { })
     31: test_code(NULL, exprs, env)
     32: source_file(path, child_env(env), wrap = wrap)
     33: FUN(X[[i]], ...)
     34: lapply(test_paths, test_one_file, env = env, wrap = wrap)
     35: force(code)
     36: doWithOneRestart(return(expr), restart)
     37: withOneRestart(expr, restarts[[1L]])
     38: withRestarts(testthat_abort_reporter = function() NULL, force(code))
     39: with_reporter(reporters$multi, lapply(test_paths, test_one_file, env = env, wrap = wrap))
     40: test_files(test_dir = test_dir, test_package = test_package, test_paths = test_paths, load_helpers = load_helpers, reporter = reporter, env = env, stop_on_failure = stop_on_failure, stop_on_warning = stop_on_warning, wrap = wrap, load_package = load_package)
     41: test_files(test_dir = path, test_paths = test_paths, test_package = package, reporter = reporter, load_helpers = load_helpers, env = env, stop_on_failure = stop_on_failure, stop_on_warning = stop_on_warning, wrap = wrap, load_package = load_package, parallel = parallel)
     42: test_dir("testthat", package = package, reporter = reporter, ..., load_package = "installed")
     43: test_check("Andromeda")
     An irrecoverable exception occurred. R is aborting now ...
Flavor: r-oldrel-macos-x86_64