CRAN Package Check Results for Package AlgDesign

Last updated on 2020-07-06 21:50:09 CEST.

Flavor Version Tinstall Tcheck Ttotal Status Flags
r-devel-linux-x86_64-debian-clang 1.2.0 9.99 38.21 48.20 OK
r-devel-linux-x86_64-debian-gcc 1.2.0 5.62 30.10 35.72 OK
r-devel-linux-x86_64-fedora-clang 1.2.0 70.27 NOTE
r-devel-linux-x86_64-fedora-gcc 1.2.0 55.25 NOTE
r-devel-windows-ix86+x86_64 1.2.0 26.00 74.00 100.00 OK
r-patched-linux-x86_64 1.2.0 6.70 38.57 45.27 OK
r-patched-solaris-x86 1.2.0 85.00 OK
r-release-linux-x86_64 1.2.0 6.26 38.36 44.62 OK
r-release-osx-x86_64 1.2.0 OK
r-release-windows-ix86+x86_64 1.2.0 17.00 51.00 68.00 OK
r-oldrel-osx-x86_64 1.2.0 OK
r-oldrel-windows-ix86+x86_64 1.2.0 23.00 77.00 100.00 OK

Check Details

Version: 1.2.0
Check: compiled code
Result: NOTE
    File ‘AlgDesign/libs/AlgDesign.so’:
     Found no calls to: ‘R_registerRoutines’, ‘R_useDynamicSymbols’
    
    It is good practice to register native routines and to disable symbol
    search.
    
    See ‘Writing portable packages’ in the ‘Writing R Extensions’ manual.
Flavors: r-devel-linux-x86_64-fedora-clang, r-devel-linux-x86_64-fedora-gcc