CRAN Package Check Results for Package AcuityView

Last updated on 2020-05-29 17:48:58 CEST.

Flavor Version Tinstall Tcheck Ttotal Status Flags
r-devel-linux-x86_64-debian-clang 0.1 3.86 32.37 36.23 NOTE
r-devel-linux-x86_64-debian-gcc 0.1 3.06 26.39 29.45 NOTE
r-devel-linux-x86_64-fedora-clang 0.1 45.08 NOTE
r-devel-linux-x86_64-fedora-gcc 0.1 43.10 NOTE
r-devel-windows-ix86+x86_64 0.1 10.00 109.00 119.00 OK
r-patched-linux-x86_64 0.1 3.88 33.32 37.20 NOTE
r-patched-solaris-x86 0.1 70.70 NOTE
r-release-linux-x86_64 0.1 3.78 32.90 36.68 NOTE
r-release-osx-x86_64 0.1 OK
r-release-windows-ix86+x86_64 0.1 7.00 92.00 99.00 OK
r-oldrel-osx-x86_64 0.1 OK
r-oldrel-windows-ix86+x86_64 0.1 7.00 48.00 55.00 OK

Check Details

Version: 0.1
Check: for non-standard things in the check directory
Result: NOTE
    Found the following files/directories:
     'Example.jpeg'
Flavors: r-devel-linux-x86_64-debian-clang, r-devel-linux-x86_64-debian-gcc, r-devel-linux-x86_64-fedora-clang, r-devel-linux-x86_64-fedora-gcc, r-patched-linux-x86_64, r-patched-solaris-x86, r-release-linux-x86_64