CRAN Package Check Results for Package ActivePathways

Last updated on 2021-06-16 09:53:14 CEST.

Flavor Version Tinstall Tcheck Ttotal Status Flags
r-devel-linux-x86_64-debian-clang 1.0.2 4.95 89.05 94.00 NOTE
r-devel-linux-x86_64-debian-gcc 1.0.2 4.57 67.65 72.22 NOTE
r-devel-linux-x86_64-fedora-clang 1.0.2 119.89 NOTE
r-devel-linux-x86_64-fedora-gcc 1.0.2 110.80 NOTE
r-devel-windows-x86_64 1.0.2 9.00 109.00 118.00 NOTE
r-devel-windows-x86_64-gcc10-UCRT 1.0.2 NOTE
r-patched-linux-x86_64 1.0.2 5.10 84.17 89.27 NOTE
r-patched-solaris-x86 1.0.2 159.90 NOTE
r-release-linux-x86_64 1.0.2 4.48 84.13 88.61 NOTE
r-release-macos-arm64 1.0.2 ERROR
r-release-macos-x86_64 1.0.2 NOTE
r-release-windows-ix86+x86_64 1.0.2 14.00 108.00 122.00 NOTE
r-oldrel-macos-x86_64 1.0.2 OK
r-oldrel-windows-ix86+x86_64 1.0.2 30.00 115.00 145.00 OK

Check Details

Version: 1.0.2
Check: LazyData
Result: NOTE
     'LazyData' is specified without a 'data' directory
Flavors: r-devel-linux-x86_64-debian-clang, r-devel-linux-x86_64-debian-gcc, r-devel-linux-x86_64-fedora-clang, r-devel-linux-x86_64-fedora-gcc, r-devel-windows-x86_64, r-devel-windows-x86_64-gcc10-UCRT, r-patched-linux-x86_64, r-patched-solaris-x86, r-release-linux-x86_64, r-release-macos-arm64, r-release-macos-x86_64, r-release-windows-ix86+x86_64

Version: 1.0.2
Check: package dependencies
Result: NOTE
    Package suggested but not available for checking: ‘EmpiricalBrownsMethod’
Flavor: r-release-macos-arm64

Version: 1.0.2
Check: tests
Result: ERROR
     Running ‘testthat.R’ [3s/3s]
    Running the tests in ‘tests/testthat.R’ failed.
    Last 13 lines of output:
     Backtrace:
     █
     1. ├─testthat::expect_equal(...) test_merge_p_values.r:43:4
     2. │ └─testthat::quasi_label(enquo(expected), expected.label, arg = "expected")
     3. │ └─rlang::eval_bare(expr, quo_get_env(quo))
     4. ├─base::apply(...)
     5. │ └─ActivePathways:::FUN(newX[, i], ...)
     6. └─base::loadNamespace(x) test_merge_p_values.r:44:46
     7. └─base::withRestarts(stop(cond), retry_loadNamespace = function() NULL)
     8. └─base:::withOneRestart(expr, restarts[[1L]])
     9. └─base:::doWithOneRestart(return(expr), restart)
    
     [ FAIL 1 | WARN 0 | SKIP 0 | PASS 71 ]
     Error: Test failures
     Execution halted
Flavor: r-release-macos-arm64