CRAN Package Check Results for Package ActFrag

Last updated on 2020-02-21 17:47:39 CET.

Flavor Version Tinstall Tcheck Ttotal Status Flags
r-devel-linux-x86_64-debian-clang 0.1.1 11.91 95.87 107.78 OK
r-devel-linux-x86_64-debian-gcc 0.1.1 9.56 73.00 82.56 OK
r-devel-linux-x86_64-fedora-clang 0.1.1 125.04 NOTE
r-devel-linux-x86_64-fedora-gcc 0.1.1 125.26 NOTE
r-devel-windows-ix86+x86_64 0.1.1 24.00 98.00 122.00 OK
r-devel-windows-ix86+x86_64-gcc8 0.1.1 40.00 139.00 179.00 OK
r-patched-linux-x86_64 0.1.1 9.63 82.51 92.14 OK
r-patched-solaris-x86 0.1.1 169.80 NOTE
r-release-linux-x86_64 0.1.1 8.13 81.98 90.11 OK
r-release-windows-ix86+x86_64 0.1.1 21.00 92.00 113.00 OK
r-release-osx-x86_64 0.1.1 NOTE
r-oldrel-windows-ix86+x86_64 0.1.1 24.00 106.00 130.00 OK
r-oldrel-osx-x86_64 0.1.1 NOTE

Check Details

Version: 0.1.1
Check: dependencies in R code
Result: NOTE
    Namespace in Imports field not imported from: ‘tidyr’
     All declared Imports should be used.
Flavors: r-devel-linux-x86_64-fedora-clang, r-devel-linux-x86_64-fedora-gcc, r-patched-solaris-x86, r-release-osx-x86_64, r-oldrel-osx-x86_64