CRAN Package Check Results for Package ActFrag

Last updated on 2020-07-06 21:50:09 CEST.

Flavor Version Tinstall Tcheck Ttotal Status Flags
r-devel-linux-x86_64-debian-clang 0.1.1 11.91 99.78 111.69 OK
r-devel-linux-x86_64-debian-gcc 0.1.1 10.12 76.00 86.12 OK
r-devel-linux-x86_64-fedora-clang 0.1.1 139.37 NOTE
r-devel-linux-x86_64-fedora-gcc 0.1.1 136.05 NOTE
r-devel-windows-ix86+x86_64 0.1.1 38.00 152.00 190.00 OK
r-patched-linux-x86_64 0.1.1 8.90 96.08 104.98 OK
r-patched-solaris-x86 0.1.1 189.90 NOTE
r-release-linux-x86_64 0.1.1 9.80 95.93 105.73 OK
r-release-osx-x86_64 0.1.1 WARN
r-release-windows-ix86+x86_64 0.1.1 25.00 114.00 139.00 OK
r-oldrel-osx-x86_64 0.1.1 NOTE
r-oldrel-windows-ix86+x86_64 0.1.1 32.00 155.00 187.00 OK

Check Details

Version: 0.1.1
Check: dependencies in R code
Result: NOTE
    Namespace in Imports field not imported from: ‘tidyr’
     All declared Imports should be used.
Flavors: r-devel-linux-x86_64-fedora-clang, r-devel-linux-x86_64-fedora-gcc, r-patched-solaris-x86, r-release-osx-x86_64, r-oldrel-osx-x86_64

Version: 0.1.1
Check: re-building of vignette outputs
Result: WARN
    Error(s) in re-building vignettes:
     ...
    --- re-building ‘ActFrag.Rmd’ using rmarkdown
    dyld: lazy symbol binding failed: Symbol not found: ____chkstk_darwin
     Referenced from: /usr/local/bin/pandoc (which was built for Mac OS X 10.15)
     Expected in: /usr/lib/libSystem.B.dylib
    
    dyld: Symbol not found: ____chkstk_darwin
     Referenced from: /usr/local/bin/pandoc (which was built for Mac OS X 10.15)
     Expected in: /usr/lib/libSystem.B.dylib
    
    Error: processing vignette 'ActFrag.Rmd' failed with diagnostics:
    pandoc document conversion failed with error 6
    --- failed re-building ‘ActFrag.Rmd’
    
    SUMMARY: processing the following file failed:
     ‘ActFrag.Rmd’
    
    Error: Vignette re-building failed.
    Execution halted
Flavor: r-release-osx-x86_64