CRAN Package Check Results for Package ARTool

Last updated on 2020-02-27 17:50:49 CET.

Flavor Version Tinstall Tcheck Ttotal Status Flags
r-devel-linux-x86_64-debian-clang 0.10.6 12.18 121.95 134.13 ERROR
r-devel-linux-x86_64-debian-gcc 0.10.6 9.25 93.00 102.25 ERROR
r-devel-linux-x86_64-fedora-clang 0.10.6 168.34 OK
r-devel-linux-x86_64-fedora-gcc 0.10.6 155.45 OK
r-devel-windows-ix86+x86_64 0.10.6 23.00 129.00 152.00 OK
r-devel-windows-ix86+x86_64-gcc8 0.10.6 27.00 128.00 155.00 OK
r-patched-linux-x86_64 0.10.6 9.50 105.88 115.38 OK
r-patched-solaris-x86 0.10.6 213.10 OK
r-release-linux-x86_64 0.10.6 9.18 105.80 114.98 OK
r-release-windows-ix86+x86_64 0.10.6 22.00 120.00 142.00 OK
r-release-osx-x86_64 0.10.6 OK
r-oldrel-windows-ix86+x86_64 0.10.6 14.00 116.00 130.00 OK
r-oldrel-osx-x86_64 0.10.6 OK

Check Details

Version: 0.10.6
Check: tests
Result: ERROR
     Running 'testthat.R' [14s/16s]
    Running the tests in 'tests/testthat.R' failed.
    Complete output:
     > library(testthat)
     > library(ARTool)
     >
     > test_check("ARTool")
     -- 1. Failure: anova.art of Higgins1990Table5 matches results of the original AR
     `a` not equal to `ref`.
     Component "Term": 'current' is not a factor
     Component "Error": 'current' is not a factor
    
     -- 2. Failure: anova.art of Higgins1990Table5 matches results of the original AR
     `a` not equal to ref[-2].
     Component "Term": 'current' is not a factor
    
     -- 3. Failure: anova.art of Higgins1990Table1 matches results of the original AR
     `a` not equal to `ref`.
     Component "Term": 'current' is not a factor
    
     -- 4. Failure: anova.art of HigginsABC matches results of the original ARTool (@
     `a` not equal to `ref`.
     Component "Term": 'current' is not a factor
     Component "Error": 'current' is not a factor
    
     == testthat results ===========================================================
     [ OK: 108 | SKIPPED: 0 | WARNINGS: 0 | FAILED: 4 ]
     1. Failure: anova.art of Higgins1990Table5 matches results of the original ARTool (@test.anova.art.R#45)
     2. Failure: anova.art of Higgins1990Table5 matches results of the original ARTool (@test.anova.art.R#50)
     3. Failure: anova.art of Higgins1990Table1 matches results of the original ARTool (@test.anova.art.R#69)
     4. Failure: anova.art of HigginsABC matches results of the original ARTool (@test.anova.art.R#89)
    
     Error: testthat unit tests failed
     Execution halted
Flavor: r-devel-linux-x86_64-debian-clang

Version: 0.10.6
Check: tests
Result: ERROR
     Running ‘testthat.R’ [11s/14s]
    Running the tests in ‘tests/testthat.R’ failed.
    Complete output:
     > library(testthat)
     > library(ARTool)
     >
     > test_check("ARTool")
     ── 1. Failure: anova.art of Higgins1990Table5 matches results of the original AR
     `a` not equal to `ref`.
     Component "Term": 'current' is not a factor
     Component "Error": 'current' is not a factor
    
     ── 2. Failure: anova.art of Higgins1990Table5 matches results of the original AR
     `a` not equal to ref[-2].
     Component "Term": 'current' is not a factor
    
     ── 3. Failure: anova.art of Higgins1990Table1 matches results of the original AR
     `a` not equal to `ref`.
     Component "Term": 'current' is not a factor
    
     ── 4. Failure: anova.art of HigginsABC matches results of the original ARTool (@
     `a` not equal to `ref`.
     Component "Term": 'current' is not a factor
     Component "Error": 'current' is not a factor
    
     ══ testthat results ═══════════════════════════════════════════════════════════
     [ OK: 108 | SKIPPED: 0 | WARNINGS: 0 | FAILED: 4 ]
     1. Failure: anova.art of Higgins1990Table5 matches results of the original ARTool (@test.anova.art.R#45)
     2. Failure: anova.art of Higgins1990Table5 matches results of the original ARTool (@test.anova.art.R#50)
     3. Failure: anova.art of Higgins1990Table1 matches results of the original ARTool (@test.anova.art.R#69)
     4. Failure: anova.art of HigginsABC matches results of the original ARTool (@test.anova.art.R#89)
    
     Error: testthat unit tests failed
     Execution halted
Flavor: r-devel-linux-x86_64-debian-gcc