CRAN Package Check Results for Package APML0

Last updated on 2020-07-06 21:50:09 CEST.

Flavor Version Tinstall Tcheck Ttotal Status Flags
r-devel-linux-x86_64-debian-clang 0.10 60.89 66.50 127.39 OK
r-devel-linux-x86_64-debian-gcc 0.10 49.91 52.38 102.29 OK
r-devel-linux-x86_64-fedora-clang 0.10 181.81 NOTE
r-devel-linux-x86_64-fedora-gcc 0.10 159.96 OK
r-devel-windows-ix86+x86_64 0.10 111.00 144.00 255.00 OK
r-patched-linux-x86_64 0.10 52.33 65.82 118.15 OK
r-patched-solaris-x86 0.10 173.20 OK
r-release-linux-x86_64 0.10 53.29 66.20 119.49 OK
r-release-osx-x86_64 0.10 NOTE
r-release-windows-ix86+x86_64 0.10 75.00 107.00 182.00 OK
r-oldrel-osx-x86_64 0.10 NOTE
r-oldrel-windows-ix86+x86_64 0.10 85.00 132.00 217.00 OK

Check Details

Version: 0.10
Check: installed package size
Result: NOTE
     installed size is 10.9Mb
     sub-directories of 1Mb or more:
     libs 10.7Mb
Flavors: r-devel-linux-x86_64-fedora-clang, r-release-osx-x86_64, r-oldrel-osx-x86_64