CRAN Package Check Results for Package APML0

Last updated on 2021-06-16 09:53:15 CEST.

Flavor Version Tinstall Tcheck Ttotal Status Flags
r-devel-linux-x86_64-debian-clang 0.10 58.51 72.32 130.83 NOTE
r-devel-linux-x86_64-debian-gcc 0.10 40.78 54.84 95.62 NOTE
r-devel-linux-x86_64-fedora-clang 0.10 185.50 NOTE
r-devel-linux-x86_64-fedora-gcc 0.10 164.78 NOTE
r-devel-windows-x86_64 0.10 58.00 99.00 157.00 NOTE
r-devel-windows-x86_64-gcc10-UCRT 0.10 NOTE
r-patched-linux-x86_64 0.10 48.15 70.72 118.87 NOTE
r-patched-solaris-x86 0.10 178.50 NOTE
r-release-linux-x86_64 0.10 53.78 70.61 124.39 NOTE
r-release-macos-arm64 0.10 NOTE
r-release-macos-x86_64 0.10 NOTE
r-release-windows-ix86+x86_64 0.10 110.00 101.00 211.00 NOTE
r-oldrel-macos-x86_64 0.10 NOTE
r-oldrel-windows-ix86+x86_64 0.10 82.00 136.00 218.00 OK

Check Details

Version: 0.10
Check: LazyData
Result: NOTE
     'LazyData' is specified without a 'data' directory
Flavors: r-devel-linux-x86_64-debian-clang, r-devel-linux-x86_64-debian-gcc, r-devel-linux-x86_64-fedora-clang, r-devel-linux-x86_64-fedora-gcc, r-devel-windows-x86_64, r-devel-windows-x86_64-gcc10-UCRT, r-patched-linux-x86_64, r-patched-solaris-x86, r-release-linux-x86_64, r-release-macos-arm64, r-release-macos-x86_64, r-release-windows-ix86+x86_64

Version: 0.10
Check: installed package size
Result: NOTE
     installed size is 9.5Mb
     sub-directories of 1Mb or more:
     libs 9.3Mb
Flavors: r-devel-linux-x86_64-fedora-clang, r-release-macos-arm64, r-release-macos-x86_64, r-oldrel-macos-x86_64