CRAN Package Check Results for Package AGread

Last updated on 2020-02-28 22:53:26 CET.

Flavor Version Tinstall Tcheck Ttotal Status Flags
r-devel-linux-x86_64-debian-clang 1.1.1 105.48 55.31 160.79 OK
r-devel-linux-x86_64-debian-gcc 1.1.1 68.47 43.31 111.78 OK
r-devel-linux-x86_64-fedora-clang 1.1.1 244.37 NOTE
r-devel-linux-x86_64-fedora-gcc 1.1.1 212.65 OK
r-devel-windows-ix86+x86_64 1.1.1 270.00 138.00 408.00 OK
r-devel-windows-ix86+x86_64-gcc8 1.1.0 235.00 119.00 354.00 OK
r-patched-linux-x86_64 1.1.1 89.11 50.90 140.01 OK
r-patched-solaris-x86 1.1.1 223.30 OK
r-release-linux-x86_64 1.1.1 86.89 50.19 137.08 OK
r-release-windows-ix86+x86_64 1.1.0 175.00 123.00 298.00 OK
r-release-osx-x86_64 1.1.1 OK
r-oldrel-windows-ix86+x86_64 1.1.0 166.00 101.00 267.00 OK
r-oldrel-osx-x86_64 1.1.1 OK

Additional issues

clang-UBSAN

Check Details

Version: 1.1.1
Check: installed package size
Result: NOTE
     installed size is 5.6Mb
     sub-directories of 1Mb or more:
     libs 4.2Mb
Flavor: r-devel-linux-x86_64-fedora-clang