CRAN Package Check Results for Package ADtools

Last updated on 2021-06-20 09:49:40 CEST.

Flavor Version Tinstall Tcheck Ttotal Status Flags
r-devel-linux-x86_64-debian-clang 0.5.4 46.24 206.72 252.96 NOTE
r-devel-linux-x86_64-debian-gcc 0.5.4 33.29 159.88 193.17 NOTE
r-devel-linux-x86_64-fedora-clang 0.5.4 320.45 NOTE
r-devel-linux-x86_64-fedora-gcc 0.5.4 311.23 NOTE
r-devel-windows-x86_64 0.5.4 62.00 275.00 337.00 NOTE
r-devel-windows-x86_64-gcc10-UCRT 0.5.4 NOTE
r-patched-linux-x86_64 0.5.4 40.06 199.43 239.49 NOTE
r-patched-solaris-x86 0.5.4 416.70 NOTE
r-release-linux-x86_64 0.5.4 39.10 199.40 238.50 NOTE
r-release-macos-arm64 0.5.4 ERROR
r-release-macos-x86_64 0.5.4 NOTE
r-release-windows-ix86+x86_64 0.5.4 102.00 442.00 544.00 NOTE
r-oldrel-macos-x86_64 0.5.4 NOTE
r-oldrel-windows-ix86+x86_64 0.5.4 79.00 393.00 472.00 OK

Check Details

Version: 0.5.4
Check: LazyData
Result: NOTE
     'LazyData' is specified without a 'data' directory
Flavors: r-devel-linux-x86_64-debian-clang, r-devel-linux-x86_64-debian-gcc, r-devel-linux-x86_64-fedora-clang, r-devel-linux-x86_64-fedora-gcc, r-devel-windows-x86_64, r-devel-windows-x86_64-gcc10-UCRT, r-patched-linux-x86_64, r-patched-solaris-x86, r-release-linux-x86_64, r-release-macos-arm64, r-release-macos-x86_64, r-release-windows-ix86+x86_64

Version: 0.5.4
Check: dependencies in R code
Result: NOTE
    Namespace in Imports field not imported from: ‘dplyr’
     All declared Imports should be used.
Flavors: r-devel-linux-x86_64-fedora-clang, r-devel-linux-x86_64-fedora-gcc, r-devel-windows-x86_64-gcc10-UCRT, r-patched-solaris-x86, r-release-macos-arm64, r-release-macos-x86_64, r-oldrel-macos-x86_64

Version: 0.5.4
Check: package dependencies
Result: NOTE
    Package suggested but not available for checking: 'covr'
Flavor: r-devel-windows-x86_64-gcc10-UCRT

Version: 0.5.4
Check: package dependencies
Result: NOTE
    Package suggested but not available for checking: ‘MCMCpack’
Flavor: r-release-macos-arm64

Version: 0.5.4
Check: tests
Result: ERROR
     Running ‘testthat.R’ [34s/43s]
    Running the tests in ‘tests/testthat.R’ failed.
    Last 13 lines of output:
     9. └─base:::doWithOneRestart(return(expr), restart)
     ── Error (test_mc_rv_density.R:178:3): Test inverse Wishart density ────────────
     Error: there is no package called 'MCMCpack'
     Backtrace:
     █
     1. ├─purrr::map(1:n, ~MCMCpack::riwish(v = df, S = Sigma)) test_mc_rv_density.R:178:2
     2. │ └─ADtools:::.f(.x[[i]], ...)
     3. └─base::loadNamespace(x)
     4. └─base::withRestarts(stop(cond), retry_loadNamespace = function() NULL)
     5. └─base:::withOneRestart(expr, restarts[[1L]])
     6. └─base:::doWithOneRestart(return(expr), restart)
    
     [ FAIL 2 | WARN 0 | SKIP 0 | PASS 3692 ]
     Error: Test failures
     Execution halted
Flavor: r-release-macos-arm64