CRAN Package Check Results for Package ADMM

Last updated on 2020-03-30 20:48:20 CEST.

Flavor Version Tinstall Tcheck Ttotal Status Flags
r-devel-linux-x86_64-debian-clang 0.3.1 176.54 64.16 240.70 OK
r-devel-linux-x86_64-debian-gcc 0.3.1 113.83 50.17 164.00 OK
r-devel-linux-x86_64-fedora-clang 0.3.1 329.22 NOTE
r-devel-linux-x86_64-fedora-gcc 0.3.1 316.24 OK
r-devel-windows-ix86+x86_64 0.3.1 275.00 114.00 389.00 OK
r-devel-windows-ix86+x86_64-gcc8 0.3.1 314.00 109.00 423.00 OK
r-patched-linux-x86_64 0.3.1 137.53 61.41 198.94 OK
r-patched-solaris-x86 0.3.1 296.20 OK
r-release-linux-x86_64 0.3.1 139.30 56.40 195.70 OK
r-release-windows-ix86+x86_64 0.3.1 394.00 134.00 528.00 OK
r-release-osx-x86_64 0.3.1 NOTE
r-oldrel-windows-ix86+x86_64 0.3.1 390.00 133.00 523.00 OK
r-oldrel-osx-x86_64 0.3.1 NOTE

Check Details

Version: 0.3.1
Check: installed package size
Result: NOTE
     installed size is 9.4Mb
     sub-directories of 1Mb or more:
     libs 9.2Mb
Flavors: r-devel-linux-x86_64-fedora-clang, r-release-osx-x86_64, r-oldrel-osx-x86_64