CRAN Package Check Results for Package ACDm

Last updated on 2020-05-29 17:48:58 CEST.

Flavor Version Tinstall Tcheck Ttotal Status Flags
r-devel-linux-x86_64-debian-clang 1.0.4 17.27 76.73 94.00 OK
r-devel-linux-x86_64-debian-gcc 1.0.4 13.95 58.54 72.49 OK
r-devel-linux-x86_64-fedora-clang 1.0.4 115.44 NOTE
r-devel-linux-x86_64-fedora-gcc 1.0.4 112.48 NOTE
r-devel-windows-ix86+x86_64 1.0.4 49.00 200.00 249.00 OK
r-patched-linux-x86_64 1.0.4 16.78 76.03 92.81 OK
r-patched-solaris-x86 1.0.4 184.00 OK
r-release-linux-x86_64 1.0.4 16.74 75.54 92.28 OK
r-release-osx-x86_64 1.0.4 OK
r-release-windows-ix86+x86_64 1.0.4 37.00 209.00 246.00 OK
r-oldrel-osx-x86_64 1.0.4 OK
r-oldrel-windows-ix86+x86_64 1.0.4 34.00 140.00 174.00 OK

Check Details

Version: 1.0.4
Check: compiled code
Result: NOTE
    File ‘ACDm/libs/ACDm.so’:
     Found no calls to: ‘R_registerRoutines’, ‘R_useDynamicSymbols’
    
    It is good practice to register native routines and to disable symbol
    search.
    
    See ‘Writing portable packages’ in the ‘Writing R Extensions’ manual.
Flavors: r-devel-linux-x86_64-fedora-clang, r-devel-linux-x86_64-fedora-gcc